to base 14.
-169
-432 (base 6) to base 3
-20002
What is -1 (base 2) in base 13?
-1
Convert 476 (base 8) to base 12.
226
What is 27 (base 8) in base 5?
43
11 (base 6) to base 9
7
Convert 3 (base 11) to base 8.
3
-c4 (base 13) to base 9
-187
What is 12 (base 4) in base 6?
10
What is -1001 (base 2) in base 14?
-9
What is 225 (base 9) in base 15?
c5
What is -113 (base 7) in base 13?
-47
What is -a (base 13) in base 2?
-1010
Convert 1 (base 15) to base 14.
1
2 (base 15) to base 3
2
Convert 0 (base 4) to base 14.
0
Convert -21 (base 11) to base 16.
-17
16 (base 9) to base 2
1111
7d (base 15) to base 3
11101
-43 (base 7) to base 13
-25
-11310 (base 4) to base 13
-228
Convert -210 (base 8) to base 12.
-b4
9 (base 14) to base 12
9
What is -5a (base 11) in base 15?
-45
3 (base 6) to base 2
11
Convert b (base 15) to base 12.
b
What is 5 (base 12) in base 14?
5
What is 115 (base 7) in base 8?
75
What is 23 (base 4) in base 12?
b
-7 (base 9) to base 6
-11
What is -5 (base 16) in base 9?
-5
Convert 6 (base 9) to base 3.
20
What is -3 (base 14) in base 11?
-3
-31 (base 4) to base 11
-12
What is 3 (base 16) in base 6?
3
Convert -41 (base 5) to base 14.
-17
Convert 47 (base 16) to base 15.
4b
Convert f (base 16) to base 6.
23
What is 2 (base 14) in base 11?
2
-58 (base 12) to base 11
-62
22 (base 15) to base 11
2a
What is -a (base 16) in base 13?
-a
Convert 25 (base 14) to base 12.
29
-18 (base 15) to base 5
-43
Convert 112 (base 3) to base 10.
14
What is -26 (base 8) in base 13?
-19
-20 (base 3) to base 13
-6
What is 11110 (base 2) in base 13?
24
What is 2 (base 4) in base 7?
2
Convert 11 (base 12) to base 7.
16
Convert -7 (base 14) to base 5.
-12
Convert -1 (base 3) to base 7.
-1
3 (base 13) to base 7
3
-5 (base 13) to base 7
-5
Convert -10 (base 11) to base 4.
-23
What is -20 (base 12) in base 5?
-44
Convert a (base 13) to base 2.
1010
-5a (base 15) to base 5
-320
Convert 1 (base 6) to base 11.
1
What is ab (base 13) in base 14?
a1
What is 42 (base 15) in base 7?
116
Convert -24 (base 15) to base 13.
-28
What is 11111 (base 2) in base 8?
37
-93 (base 13) to base 15
-80
What is 20 (base 4) in base 6?
12
Convert 5d (base 14) to base 9.
102
What is 100101100 (base 2) in base 3?
102010
Convert 25 (base 11) to base 14.
1d
What is 131 (base 4) in base 2?
11101
Convert -1 (base 6) to base 11.
-1
Convert -5 (base 11) to base 7.
-5
What is -1 (base 13) in base 7?
-1
-1101010 (base 2) to base 12
-8a
What is 1 (base 6) in base 13?
1
-100101 (base 2) to base 10
-37
Convert 1 (base 7) to base 10.
1
What is -2 (base 6) in base 10?
-2
What is 4 (base 15) in base 7?
4
-5 (base 15) to base 14
-5
-36 (base 8) to base 4
-132
18 (base 14) to base 2
10110
2 (base 12) to base 2
10
What is -241 (base 6) in base 15?
-67
1213 (base 5) to base 6
503
-1 (base 14) to base 10
-1
Convert c (base 15) to base 13.
c
Convert 54 (base 7) to base 8.
47
Convert -77 (base 13) to base 6.
-242
255 (base 7) to base 16
8a
Convert 0 (base 13) to base 16.
0
What is 7 (base 13) in base 2?
111
Convert -1102 (base 4) to base 10.
-82
400 (base 5) to base 3
10201
What is c (base 15) in base 16?
c
14 (base 10) to base 12
12
31 (base 9) to base 10
28
What is -22 (base 8) in base 12?
-16
Convert 1 (base 12) to base 3.
1
Convert 4 (base 9) to base 16.
4
Convert 426 (base 7) to base 8.
330
What is -21 (base 3) in base 7?
-10
20 (base 4) to base 2
1000
-b (base 15) to base 10
-11
-6 (base 7) to base 13
-6
-fb (base 16) to base 8
-373
-12 (base 12) to base 16
-e
Convert -6a (base 14) to base 9.
-114
What is -28 (base 15) in base 4?
-212
What is 33 (base 9) in base 6?
50
What is 1001110 (base 2) in base 3?
2220
Convert -12011 (base 3) to base 2.
-10001011
Convert -144 (base 8) to base 7.
-202
0 (base 2) to base 7
0
c (base 15) to base 5
22
What is 40 (base 13) in base 6?
124
Convert 2 (base 4) to base 12.
2
-2020 (base 3) to base 4
-330
-88 (base 14) to base 16
-78
What is -91 (base 13) in base 3?
-11101
1 (base 15) to base 3
1
What is -3 (base 15) in base 3?
-10
Convert 99 (base 15) to base 4.
2100
202 (base 5) to base 7
103
What is -9 (base 13) in base 15?
-9
Convert 0 (base 12) to base 14.
0
Convert 201 (base 3) to base 15.
14
0 (base 13) to base 2
0
What is -1200 (base 3) in base 15?
-30
63 (base 11) to base 10
69
What is -1 (base 13) in base 4?
-1
What is 2 (base 5) in base 10?
2
What is -1 (base 2) in base 3?
-1
What is 3 (base 13) in base 8?
3
What is -1 (base 16) in base 8?
-1
What is 10 (base 2) in base 8?
2
Convert -36 (base 10) to base 12.
-30
16 (base 11) to base 15
12
Convert -11 (base 14) to base 11.
-14
6 (base 11) to base 7
6
-113 (base 7) to base 8
-73
Convert 4 (base 8) to base 9.
4
111111 (base 2) to base 11
58
1111100 (base 2) to base 4
1330
21 (base 8) to base 10
17
-1001011 (base 2) to base 13
-5a
Convert -d3 (base 14) to base 15.
-c5
What is -6a (base 12) in base 4?
-1102
Convert -3 (base 14) to base 7.
-3
Convert 346 (base 9) to base 6.
1153
What is 10 (base 5) in base 11?
5
Convert -9b (base 13) to base 14.
-92
Convert 4 (base 14) to base 8.
4
Convert -11e (base 16) to base 6.
-1154
b (base 15) to base 16
b
-2133 (base 4) to base 9
-186
What is -1123 (base 4) in base 16?
-5b
Convert -5 (base 15) to base 6.
-5
-4 (base 10) to base 8
-4
What is -3 (base 12) in base 7?
-3
What is -1 (base 10) in base 3?
-1
What is -1 (base 3) in base 4?
-1
What is -10 (base 7) in base 5?
-12
34 (base 8) to base 16
1c
-35 (base 14) to base 16
-2f
-34 (base 5) to base 14
-15
What is 2 (base 4) in base 12?
2
What is -10 (base 3) in base 16?
-3
What is 101 (base 2) in base 7?
5
What is -11100 (base 2) in base 10?
-28
What is 4c (base 15) in base 2?
1001000
What is -12212 (base 3) in base 2?
-10011110
-7 (base 14) to base 15
-7
Convert -5a (base 11) to base 5.
-230
21 (base 3) to base 14
7
1 (base 8) to base 12
1
Convert -9 (base 12) to base 4.
-21
What is -11 (base 3) in base 2?
-100
Convert -10 (base 3) to base 6.
-3
104 (base 6) to base 8
50
Convert 34 (base 5) to base 15.
14
10101 (base 2) to base 4
111
What is -64 (base 8) in base 12?
-44
Convert -28 (base 13) to base 5.
-114
-2 (base 8) to base 15
-2
-27 (base 11) to base 2
-11101
0 (base 10) to base 7
0
Convert -205 (base 8) to base 5.
-1013
25 (base 16) to base 8
45
What is 2 (base 8) in base 10?
2
-43 (base 12) to base 10
-51
What is -58 (base 16) in base 15?
-5d
What is -47 (base 10) in base 11?
-43
Convert 38 (base 11) to base 4.
221
What is 2 (base 5) in base 15?
2
Convert -1 (base 13) to base 16.
-1
Convert 7 (base 9) to base 12.
7
-1010 (base 2) to base 16
-a
Convert 5 (base 10) to base 4.
11
What is -2 (base 14) in base 4?
-2
What is -10011 (base 3) in base 6?
-221
-111 (base 2) to base 7
-10
What is 8 (base 15) in base 7?
11
Convert 20 (base 3) to base 7.
6
8 (base 9) to base 8
10
What is 5 (base 11) in base 14?
5
11 (base 2) to base 4
3
Convert -34 (base 6) to base 13.
-19
-20 (base 8) to base 6
-24
Convert 10 (base 2) to base 4.
2
Convert -1 (base 5) to base 16.
-1
2 (base 3) to base 13
2
What is 3 (base 5) in base 9?
3
Convert 6 (base 8) to base 10.
6
-d2 (base 14) to base 13
-112
Convert -93 (base 12) to base 15.
-76
What is 110 (base 2) in base 16?
6
What is -6 (base 16) in base 13?
-6
Convert -23 (base 15) to base 14.
-25
1 (base 6) to base 9
1
What is 4 (base 12) in base 9?
4
17 (base 16) to base 7
32
Convert 32 (base 6) to base 9.
22
What is -1 (base 4) in base 16?
-1
What is -100 (base 3) in base 12?
-9
Convert 0 (base 12) to base 10.
0
What is 0 (base 10) in base 14?
0
Convert 8 (base 12) to base 11.
8
What is 2 (base 4) in base 16?
2
Convert -124 (base 6) to base 9.
-57
202 (base 5) to base 11
48
4 (base 10) to base 12
4
c2 (base 15) to base 6
502
Convert -5 (base 9) to base 7.
-5
What is 30 (base 9) in base 3?
1000
41 (base 7) to base 12
25
Convert -2 (base 7) to base 5.
-2
-11 (base 2) to base 5
-3
What is 1220 (base 3) in base 11?
47
-2 (base 12) to base 4
-2
What is -55 (base 10) in base 3?
-2001
What is 66 (base 16) in base 14?
74
What is 41 (base 10) in base 16?
29
What is 0 (base 16) in base 13?
0
What is -120 (base 3) in base 14?
-11
What is -21 (base 6) in base 8?
-15
2 (base 3) to base 7
2
Convert 1402 (base 5) to base 11.
197
-50 (base 12) to base 2
-111100
9 (base 15) to base 5
14
What is -6 (base 7) in base 6?
-10
0 (b